3. Calculate v(-13).
-6
Let y(f) = 3*f**3 + 148*f**2 + 31*f - 876. Determine y(-49).
6
Let g(o) = 7*o**3 + 5*o**2 + o - 12. Calculate g(-3).
-159
Let o(k) = 4025*k - 24140. Calculate o(6).
10
Let a(h) = 19*h**2 - 179*h + 71. What is a(9)?
-1
Let b(y) = -15*y + 78. What is b(-14)?
288
Let f(b) = -2*b**3 - 37*b**2 + 25*b + 47. Calculate f(-19).
-67
Let k(u) = -5*u**3 - 39*u**2 - 84*u - 14. What is k(-2)?
38
Let a(t) = t**3 + 14*t**2 - 10*t + 29. Determine a(-16).
-323
Let m(s) = -s**3 - 49*s**2 - 224*s - 1997. Calculate m(-45).
-17
Let g(i) = 3*i**3 - 278*i**2 - 90*i - 283. What is g(93)?
-4
Let m(o) = -44*o**2 - 3386*o + 162. Calculate m(-77).
8
Let b(z) = -2782*z + 11129. Determine b(4).
1
Let p(v) = -v**3 - 40*v**2 + 87*v - 71. Determine p(-42).
-197
Let y(f) = f - 50. Give y(2).
-48
Let b(o) = 5*o**2 + 82*o - 177. Give b(-19).
70
Let x(k) = k**2 - 245*k - 1733. Give x(-7).
31
Let y(x) = -x**3 - 50*x**2 + 153*x - 5. Calculate y(3).
-23
Let h(u) = -u**3 - 4*u**2 + 35*u + 47. What is h(5)?
-3
Let i(n) = -5*n**2 + 156*n - 174. What is i(30)?
6
Let t(w) = -w**2 + 73*w - 1142. Determine t(21).
-50
Let t(o) = 32*o**3 + 5*o**2 + 3*o - 7. What is t(1)?
33
Let z(o) = o**3 - 242*o**2 + 2321*o - 259. Calculate z(232).
-27
Let l(r) = -r**2 + 72*r - 353. Give l(5).
-18
Let n(l) = -l**2 - 40*l - 369. What is n(-15)?
6
Let g(h) = -4*h**2 - 4*h + 11. Give g(7).
-213
Let h(b) = -3*b**3 + b - 132. Determine h(0).
-132
Let l(p) = -12*p + 18. What is l(21)?
-234
Let i(r) = 4*r**2 + 159*r - 45. Calculate i(-40).
-5
Let m(d) = -2*d**2 - 40*d - 152. Determine m(-15).
-2
Let b(d) = -282*d + 11275. Determine b(40).
-5
Let u(h) = -234*h - 931. Give u(-4).
5
Let z(o) = 2*o**3 - 5*o**2 - 71*o - 52. Determine z(-6).
-238
Let a(h) = 8*h**2 + 22*h + 3. What is a(-7)?
241
Let f(t) = 6*t**2 + 453*t - 908. Calculate f(2).
22
Let v(d) = -19*d - 585. Calculate v(-36).
99
Let g(t) = 620*t - 3530. What is g(6)?
190
Let s(x) = x**3 - 147*x + 289. Determine s(2).
3
Let g(s) = -234*s + 826. Give g(3).
124
Let c(n) = n**3 + 9*n**2 - 12*n - 18. Give c(-10).
2
Let l(v) = v**2 + 3*v - 266. Calculate l(-20).
74
Let a(n) = -24*n + 33. Calculate a(-12).
321
Let w(x) = 229*x + 3431. Give w(-15).
-4
Let p(f) = -1157*f + 8095. Determine p(7).
-4
Let m(u) = u**3 + 3*u**2 - 54*u - 218. Calculate m(-5).
2
Let s(n) = 12*n**2 - 447*n + 114. Determine s(37).
3
Let y(a) = -3*a**2 - 10*a - 96. Determine y(0).
-96
Let x(h) = h**3 - 18*h**2 - 43*h + 751. Determine x(18).
-23
Let b(m) = 94*m + 284. Calculate b(-5).
-186
Let a(i) = i**2 + 2805*i + 25175. Determine a(-9).
11
Let m(j) = -j**3 - 10*j**2 - 89*j - 286. Calculate m(-5).
34
Let r(w) = -67*w + 1011. Give r(15).
6
Let k(q) = 2*q**2 - 68*q - 2165. What is k(54)?
-5
Let b(s) = -23*s**2 + 3*s - 21. Determine b(-5).
-611
Let d(r) = -2*r**3 - 34*r**2 + 125*r + 101. Determine d(-20).
1
Let i(t) = -11*t**2 - 2*t - 14. Give i(-6).
-398
Let d(p) = -214*p + 1489. Calculate d(7).
-9
Let x(b) = -2*b**2 + 14*b + 150. Determine x(-6).
-6
Let u(z) = -z**2 - 17*z + 88. Calculate u(-21).
4
Let g(t) = t**2 + 48*t + 467. Calculate g(-23).
-108
Let o(d) = 10*d**3 + 14*d**2 + 16*d + 16. Calculate o(-4).
-464
Let j(m) = 43*m + 942. Give j(-22).
-4
Let q(z) = 18*z - 1608. What is q(90)?
12
Let z(y) = -8*y + 119. Determine z(25).
-81
Let k(q) = q**2 + 33*q - 394. What is k(-45)?
146
Let m(h) = -h**3 - 5*h**2 + 8*h - 12. Calculate m(-6).
-24
Let x(t) = -42*t + 3316. Calculate x(81).
-86
Let u(n) = 47*n**2 + 2257*n + 50. Give u(-48).
2
Let p(q) = 396*q - 2800. What is p(7)?
-28
Let j(f) = 59*f - 3455. Determine j(60).
85
Let m(d) = 54*d**2 - 35*d - 2. Calculate m(1).
17
Let v(r) = -22*r**3 + 7*r**2 + 5*r - 2. Calculate v(-1).
22
Let p(r) = -16*r**2 - 13*r - 2. What is p(-4)?
-206
Let l(q) = -2*q**3 + q**2 + 4*q + 8. Calculate l(0).
8
Let l(t) = t**2 - 56*t - 71. Calculate l(59).
106
Let i(b) = -6*b**2 + 155*b + 292. Give i(-2).
-42
Let h(a) = 3*a**3 - 60*a**2 + a - 15. Determine h(20).
5
Let r(d) = -d**2 - 108*d + 575. What is r(5)?
10
Let x(o) = -o**2 - 51*o - 696. Determine x(-14).
-178
Let u(s) = -s**3 + 30*s**2 - 54*s - 57. Calculate u(28).
-1
Let b(k) = -19*k + 3639. Calculate b(190).
29
Let a(w) = 867*w - 73728. What is a(85)?
-33
Let n(a) = a**2 - 7*a - 91. What is n(-7)?
7
Let c(k) = 5*k**2 - 6*k - 7. Calculate c(-5).
148
Let q(c) = -11*c - 142. What is q(-23)?
111
Let t(p) = 1350*p + 1344. What is t(-1)?
-6
Let m(i) = 2*i**2 - 252*i - 3006. What is m(137)?
8
Let n(l) = -l**3 - 23*l**2 - 24*l + 95. What is n(-22)?
139
Let t(l) = 422*l + 1664. Determine t(-4).
-24
Let l(v) = 2*v**2 + 106*v + 95. What is l(-52)?
-9
Let x(i) = -234*i - 29. Give x(-2).
439
Let c(j) = -22*j**2 - 84*j + 181. Calculate c(2).
-75
Let h(i) = i**3 - 19*i**2 - 22*i - 137. Calculate h(20).
-177
Let p(h) = h**3 - h**2 - 22*h - 2. Give p(4).
-42
Let f(t) = 524*t + 6230. Give f(-12).
-58
Let y(h) = 21*h**2 + 2*h - 111. Give y(0).
-111
Let w(f) = -2144*f + 12871. What is w(6)?
7
Let r(j) = 2*j**3 - 7*j**2 - 2*j. What is r(4)?
8
Let f(x) = -x**3 - 35*x**2 + 198*x - 92. What is f(-40)?
-12
Let i(o) = o**3 + 3*o**2 + o + 99. What is i(0)?
99
Let l(h) = -h**3 + 207*h**2 - 207*h + 194. What is l(206)?
-12
Let z(s) = -8*s**3 + 14*s**2 + 55*s - 111. Give z(2).
-9
Let x(w) = 3*w**2 - 7*w - 207. Determine x(10).
23
Let d(y) = 112*y + 820. Determine d(-10).
-300
Let g(z) = z**2 + 58*z + 77. What is g(-53)?
-188
Let w(p) = 46*p**2 - p - 1. What is w(2)?
181
Let d(l) = -52*l**2 + 44*l - 1. Give d(1).
-9
Let v(q) = 4*q**3 - 13*q**2 + 214*q - 1249. Determine v(5).
-4
Let l(c) = 25*c**3 + c**2 + 10*c + 10. Give l(-1).
-24
Let u(w) = w**2 + 16*w - 304. Determine u(-27).
-7
Let i(a) = -31938*a + 447137. Give i(14).
5
Let r(g) = 35*g**2 + 983*g + 92. What is r(-28)?
8
Let k(z) = 2*z**3 + 23*z**2 + 16*z + 42. Determine k(-11).
-13
Let k(z) = z**3 - 16*z**2 + 7*z - 30. Give k(-6).
-864
Let s(q) = -q**2 - 50*q + 401. Determine s(7).
2
Let g(h) = h**3 - 24*h**2 + 108*h - 11. Calculate g(18).
-11
Let x(r) = -r**3 + 10*r**2 - 61*r + 612. Give x(10).
2
Let j(w) = 3*w**3 + 87*w**2 - 20*w - 565. Give j(-29).
15
Let b(d) = -48*d + 65. Give b(4).
-127
Let g(l) = 2*l + 106. What is g(-15)?
76
Let l(j) = -250*j - 199. Determine l(-1).
51
Let n(u) = 16*u**2 - 99*u + 15. Calculate n(6).
-3
Let h(c) = c**2 + 18*c - 109. Determine h(-23).
6
Let j(f) = -56*f**2 - 80*f - 299. What is j(-4)?
-875
Let u(v) = 2*v**2 - 21*v + 2. What is u(11)?
13
Let c(v) = -78*v + 1045. What is c(16)?
-203
Let k(i) = 4*i**2 + 7*i - 17. What is k(3)?
40
Let h(g) = -40*g**2 + 5. What is h(-3)?
-355
Let o(n) = n**3 - 11*n**2 - 32*n + 380. Calculate o(9).
-70
Let z(t) = 229*t - 2062. Calculate z(9).
-1
Let f(b) = b**3 + 20*b**2 + 188*b + 3786. Calculate f(-20).
26
Let l(g) = g**2 - 82*g - 509. Give l(87).
-74
Let v(l) = 4272*l - 42716. Calculate v(10).
4
Let k(m) = -m**3 + 30*m**2 + 35*m + 34. What is k(31)?
158
Let o(b) = -b**3 - 25*b**2 - 26*b - 46. Give o(-24).
2
Let x(y) = -142*y**2 + 1848*y - 29. What is x(13)?
-3
Let w(l) = -2*l**2 - 40*l - 18. What is w(0)?
-18
Let f(m) = -2*m**3 - 89*m**2 - 52*m - 346. Determine f(-44).
6
Let p(j) = j**3 - 34*j**2 + 36*j - 4. Determine p(1).
-1
Let f(x) = -76*x + 10565. Determine f(139).
1
Let n(g) = -26*g + 860. Determine n(21).
314
Let i(k) = -k**3 - 24*k**2 + 34*k + 108. Calculate i(-25).
-117
Let p(v) = -2*v**2 + 45*v + 247. Give p(-5).
-28
Let p(x) = -x**3 - 33*x**2 - 31*x + 5. What is p(-32)?
-27
Let a(j) = -j**2 + 26*j - 162. What is a(15)?
3
Let w(y) = -576*y + 4607. Calculate w(8).
-1
Let h(o) = -17*o**2 - 699*o - 72. What is h(-41)?
10
Let y(g) = -g**3 - 29*g**2 + 214*g + 161. What is y(-35)?
21
Let y(q) = q**3 - 42*q**2 + 85*q - 200. Calculate y(40).
0
Let k(t) = 10*t**3 - 5*t**2 + 20*t - 32. Determine k(2).
68
Let b(g) = -29*g + 607. Calculate b(21).
-2
Let b(j) = 2*j**2 + 450*j + 15099. Determine b(-184).
11
Let a(o) = o**3 + 20*o**2 + 35*o + 1741. Determine a(-22).
3
Let t(l) = -l**3 + 20*l**2 - 76*l - 2. Determine t(16).
-194
Let h(x) = x**3 + 15*x**2 + 45*x + 42. Calculate h(-12).
-66
Let l(x) = 3*x**2 - 2*x - 102. Give l(8).
74
Let u(t) = 10*t**2 - 994*t + 328. Give u(99).
-68
Let l(d) = -683*d - 34832. What is l(-51)?
1
Let t(m) = 14*m - 1399. What is t(100)?
1
Let h(p) = -9*p**2 - 60*p + 122